emainder when 1017161 is divided by 37.
31
What is the remainder when 477239 is divided by 11930?
39
Calculate the remainder when 57613 is divided by 441.
283
What is the remainder when 25179 is divided by 16?
11
What is the remainder when 78785 is divided by 6562?
41
Calculate the remainder when 27916 is divided by 6.
4
What is the remainder when 13994 is divided by 125?
119
What is the remainder when 18911 is divided by 74?
41
What is the remainder when 99998 is divided by 346?
4
What is the remainder when 8050 is divided by 237?
229
Calculate the remainder when 3464 is divided by 18.
8
Calculate the remainder when 5704 is divided by 23.
0
Calculate the remainder when 1900 is divided by 1775.
125
Calculate the remainder when 10838 is divided by 2163.
23
Calculate the remainder when 85838 is divided by 42913.
12
What is the remainder when 16939 is divided by 24?
19
What is the remainder when 3506 is divided by 3438?
68
What is the remainder when 1896 is divided by 194?
150
What is the remainder when 3164 is divided by 201?
149
What is the remainder when 9398 is divided by 133?
88
Calculate the remainder when 1832 is divided by 510.
302
Calculate the remainder when 2976 is divided by 578.
86
What is the remainder when 65342 is divided by 135?
2
Calculate the remainder when 3535 is divided by 14.
7
Calculate the remainder when 19255 is divided by 205.
190
What is the remainder when 2677 is divided by 135?
112
What is the remainder when 195842 is divided by 2417?
65
Calculate the remainder when 3246 is divided by 190.
16
What is the remainder when 27199 is divided by 824?
7
Calculate the remainder when 136437 is divided by 12.
9
Calculate the remainder when 8046 is divided by 25.
21
What is the remainder when 112680 is divided by 22?
18
Calculate the remainder when 23261 is divided by 99.
95
Calculate the remainder when 18894 is divided by 18892.
2
What is the remainder when 143724 is divided by 201?
9
Calculate the remainder when 3620 is divided by 1021.
557
Calculate the remainder when 54388 is divided by 2266.
4
Calculate the remainder when 36417 is divided by 139.
138
Calculate the remainder when 1709 is divided by 1180.
529
Calculate the remainder when 9885 is divided by 4816.
253
Calculate the remainder when 151532 is divided by 16.
12
What is the remainder when 11101 is divided by 246?
31
What is the remainder when 27013 is divided by 12?
1
What is the remainder when 30389 is divided by 189?
149
Calculate the remainder when 32223 is divided by 82.
79
What is the remainder when 16217 is divided by 8107?
3
Calculate the remainder when 27480 is divided by 88.
24
What is the remainder when 33199 is divided by 11065?
4
What is the remainder when 4769 is divided by 1186?
25
What is the remainder when 233965 is divided by 191?
181
What is the remainder when 10739 is divided by 31?
13
What is the remainder when 1132 is divided by 322?
166
Calculate the remainder when 191981 is divided by 270.
11
Calculate the remainder when 549733 is divided by 54973.
3
Calculate the remainder when 19761 is divided by 187.
126
What is the remainder when 35455 is divided by 1610?
35
Calculate the remainder when 24698 is divided by 626.
284
What is the remainder when 1163 is divided by 42?
29
What is the remainder when 349563 is divided by 321?
315
What is the remainder when 126025 is divided by 126017?
8
What is the remainder when 111753 is divided by 291?
9
Calculate the remainder when 25779 is divided by 1980.
39
What is the remainder when 193994 is divided by 87?
71
What is the remainder when 114237 is divided by 952?
949
Calculate the remainder when 128443 is divided by 139.
7
What is the remainder when 1966 is divided by 650?
16
What is the remainder when 58323 is divided by 19?
12
What is the remainder when 1347 is divided by 168?
3
Calculate the remainder when 3992 is divided by 217.
86
Calculate the remainder when 41627 is divided by 10362.
179
Calculate the remainder when 61397 is divided by 76.
65
What is the remainder when 13464 is divided by 52?
48
Calculate the remainder when 138923 is divided by 19.
14
Calculate the remainder when 89 is divided by 45.
44
Calculate the remainder when 60880 is divided by 30430.
20
What is the remainder when 37949 is divided by 1804?
65
What is the remainder when 55869 is divided by 32?
29
What is the remainder when 1719 is divided by 912?
807
Calculate the remainder when 269189 is divided by 92.
89
Calculate the remainder when 1451810 is divided by 725903.
4
Calculate the remainder when 10883 is divided by 157.
50
What is the remainder when 8215 is divided by 483?
4
Calculate the remainder when 4985 is divided by 1337.
974
Calculate the remainder when 3601 is divided by 3587.
14
What is the remainder when 2218794 is divided by 25?
19
Calculate the remainder when 772 is divided by 746.
26
What is the remainder when 11511 is divided by 3549?
864
Calculate the remainder when 1422222 is divided by 1323.
1320
Calculate the remainder when 12979 is divided by 178.
163
What is the remainder when 489 is divided by 38?
33
Calculate the remainder when 211714 is divided by 3308.
2
What is the remainder when 1941 is divided by 81?
78
Calculate the remainder when 5968 is divided by 458.
14
Calculate the remainder when 4546 is divided by 355.
286
Calculate the remainder when 389217 is divided by 20.
17
What is the remainder when 7796 is divided by 1492?
336
Calculate the remainder when 165826 is divided by 103.
99
What is the remainder when 11330 is divided by 5652?
26
Calculate the remainder when 374359 is divided by 11343.
40
Calculate the remainder when 365985 is divided by 1830.
1815
What is the remainder when 2008 is divided by 503?
499
What is the remainder when 21305 is divided by 560?
25
Calculate the remainder when 4936 is divided by 39.
22
Calculate the remainder when 319821 is divided by 36.
33
Calculate the remainder when 3496 is divided by 94.
18
Calculate the remainder when 9838 is divided by 1090.
28
What is the remainder when 98556 is divided by 1825?
6
Calculate the remainder when 29341 is divided by 29.
22
Calculate the remainder when 4182285 is divided by 89.
86
Calculate the remainder when 2173 is divided by 95.
83
What is the remainder when 108511 is divided by 6028?
7
Calculate the remainder when 98761 is divided by 11.
3
Calculate the remainder when 22139 is divided by 7.
5
What is the remainder when 1030 is divided by 649?
381
Calculate the remainder when 49615 is divided by 4132.
31
What is the remainder when 11724 is divided by 11714?
10
What is the remainder when 4098 is divided by 117?
3
What is the remainder when 5438 is divided by 155?
13
Calculate the remainder when 365424 is divided by 390.
384
Calculate the remainder when 38637 is divided by 368.
365
Calculate the remainder when 15076 is divided by 7538.
0
What is the remainder when 3348 is divided by 8?
4
What is the remainder when 55173 is divided by 511?
496
What is the remainder when 10612 is divided by 148?
104
Calculate the remainder when 25275 is divided by 160.
155
Calculate the remainder when 2271614 is divided by 111.
110
What is the remainder when 11857 is divided by 23?
12
What is the remainder when 2888 is divided by 159?
26
What is the remainder when 2465 is divided by 34?
17
What is the remainder when 52197 is divided by 307?
7
Calculate the remainder when 64671 is divided by 913.
761
Calculate the remainder when 142154 is divided by 889.
803
Calculate the remainder when 25348 is divided by 62.
52
Calculate the remainder when 158 is divided by 122.
36
What is the remainder when 278217 is divided by 275?
192
What is the remainder when 675478 is divided by 26?
24
Calculate the remainder when 16521 is divided by 4126.
17
What is the remainder when 12627 is divided by 1399?
36
What is the remainder when 1879 is divided by 305?
49
What is the remainder when 35346 is divided by 285?
6
What is the remainder when 232906 is divided by 2306?
0
Calculate the remainder when 6472 is divided by 584.
48
What is the remainder when 14221 is divided by 1578?
19
Calculate the remainder when 35575 is divided by 177.
175
What is the remainder when 7155399 is divided by 19?
18
Calculate the remainder when 236786 is divided by 6.
2
What is the remainder 